ed by 14.
13
What is the remainder when 355 is divided by 125?
105
Calculate the remainder when 623 is divided by 12.
11
What is the remainder when 703 is divided by 160?
63
What is the remainder when 21668 is divided by 31?
30
Calculate the remainder when 176 is divided by 75.
26
Calculate the remainder when 317 is divided by 83.
68
What is the remainder when 364 is divided by 103?
55
Calculate the remainder when 1243 is divided by 26.
21
What is the remainder when 19 is divided by 6?
1
What is the remainder when 257 is divided by 80?
17
Calculate the remainder when 22 is divided by 21.
1
Calculate the remainder when 369 is divided by 12.
9
What is the remainder when 535 is divided by 526?
9
Calculate the remainder when 447 is divided by 3.
0
What is the remainder when 469 is divided by 10?
9
What is the remainder when 3635 is divided by 193?
161
Calculate the remainder when 324 is divided by 151.
22
Calculate the remainder when 615 is divided by 156.
147
Calculate the remainder when 452 is divided by 106.
28
Calculate the remainder when 459 is divided by 194.
71
What is the remainder when 1899 is divided by 90?
9
What is the remainder when 87 is divided by 18?
15
What is the remainder when 755 is divided by 84?
83
What is the remainder when 108 is divided by 18?
0
What is the remainder when 93 is divided by 26?
15
Calculate the remainder when 77 is divided by 3.
2
What is the remainder when 1719 is divided by 41?
38
What is the remainder when 5693 is divided by 64?
61
Calculate the remainder when 1784 is divided by 585.
29
What is the remainder when 13666 is divided by 49?
44
What is the remainder when 23496 is divided by 9?
6
Calculate the remainder when 959 is divided by 33.
2
What is the remainder when 19734 is divided by 4931?
10
What is the remainder when 391 is divided by 2?
1
What is the remainder when 78 is divided by 74?
4
What is the remainder when 144 is divided by 38?
30
What is the remainder when 134 is divided by 63?
8
What is the remainder when 338 is divided by 35?
23
What is the remainder when 185 is divided by 73?
39
Calculate the remainder when 207 is divided by 8.
7
Calculate the remainder when 803 is divided by 160.
3
What is the remainder when 37 is divided by 25?
12
Calculate the remainder when 507 is divided by 19.
13
What is the remainder when 428 is divided by 72?
68
What is the remainder when 1687 is divided by 142?
125
What is the remainder when 237 is divided by 29?
5
Calculate the remainder when 271 is divided by 13.
11
Calculate the remainder when 101 is divided by 12.
5
What is the remainder when 243 is divided by 86?
71
What is the remainder when 335 is divided by 84?
83
What is the remainder when 947 is divided by 19?
16
Calculate the remainder when 1039 is divided by 116.
111
Calculate the remainder when 1528 is divided by 219.
214
What is the remainder when 494 is divided by 23?
11
What is the remainder when 311 is divided by 52?
51
Calculate the remainder when 4046 is divided by 57.
56
What is the remainder when 162 is divided by 85?
77
What is the remainder when 387 is divided by 11?
2
What is the remainder when 154 is divided by 35?
14
What is the remainder when 1313 is divided by 151?
105
What is the remainder when 161 is divided by 55?
51
Calculate the remainder when 10 is divided by 2.
0
Calculate the remainder when 330 is divided by 18.
6
What is the remainder when 507 is divided by 85?
82
What is the remainder when 52 is divided by 26?
0
What is the remainder when 691 is divided by 9?
7
What is the remainder when 1863 is divided by 1850?
13
What is the remainder when 4825 is divided by 1607?
4
What is the remainder when 293 is divided by 49?
48
What is the remainder when 66 is divided by 35?
31
Calculate the remainder when 248 is divided by 26.
14
Calculate the remainder when 240 is divided by 28.
16
Calculate the remainder when 80 is divided by 14.
10
Calculate the remainder when 925 is divided by 72.
61
Calculate the remainder when 1722 is divided by 33.
6
Calculate the remainder when 121 is divided by 81.
40
Calculate the remainder when 640 is divided by 35.
10
Calculate the remainder when 163 is divided by 83.
80
Calculate the remainder when 68 is divided by 16.
4
What is the remainder when 4395 is divided by 14?
13
Calculate the remainder when 890 is divided by 112.
106
What is the remainder when 122 is divided by 41?
40
Calculate the remainder when 43 is divided by 10.
3
What is the remainder when 279 is divided by 57?
51
What is the remainder when 67 is divided by 63?
4
What is the remainder when 2607 is divided by 30?
27
Calculate the remainder when 282 is divided by 24.
18
Calculate the remainder when 23 is divided by 22.
1
What is the remainder when 55 is divided by 1?
0
What is the remainder when 288 is divided by 188?
100
Calculate the remainder when 894 is divided by 39.
36
What is the remainder when 13813 is divided by 88?
85
What is the remainder when 2229 is divided by 24?
21
Calculate the remainder when 341 is divided by 72.
53
What is the remainder when 1539 is divided by 16?
3
Calculate the remainder when 278 is divided by 35.
33
Calculate the remainder when 8016 is divided by 19.
17
What is the remainder when 3318 is divided by 83?
81
What is the remainder when 998 is divided by 41?
14
Calculate the remainder when 7403 is divided by 1846.
19
Calculate the remainder when 54 is divided by 2.
0
Calculate the remainder when 116638 is divided by 180.
178
Calculate the remainder when 54 is divided by 16.
6
Calculate the remainder when 3952 is divided by 107.
100
What is the remainder when 2100 is divided by 81?
75
Calculate the remainder when 6228 is divided by 164.
160
What is the remainder when 1167 is divided by 13?
10
What is the remainder when 191 is divided by 13?
9
What is the remainder when 270 is divided by 65?
10
Calculate the remainder when 488 is divided by 29.
24
Calculate the remainder when 888 is divided by 43.
28
Calculate the remainder when 801 is divided by 152.
41
Calculate the remainder when 2594 is divided by 216.
2
What is the remainder when 155 is divided by 36?
11
Calculate the remainder when 253 is divided by 67.
52
What is the remainder when 352 is divided by 24?
16
Calculate the remainder when 7828 is divided by 9.
7
What is the remainder when 855 is divided by 41?
35
Calculate the remainder when 255 is divided by 5.
0
What is the remainder when 229 is divided by 40?
29
What is the remainder when 517 is divided by 14?
13
What is the remainder when 303 is divided by 57?
18
What is the remainder when 7822 is divided by 206?
200
What is the remainder when 127 is divided by 60?
7
Calculate the remainder when 380 is divided by 175.
30
Calculate the remainder when 869 is divided by 46.
41
What is the remainder when 234 is divided by 75?
9
What is the remainder when 7 is divided by 6?
1
Calculate the remainder when 761 is divided by 184.
25
What is the remainder when 541 is divided by 32?
29
Calculate the remainder when 1144 is divided by 1126.
18
Calculate the remainder when 871 is divided by 146.
141
Calculate the remainder when 790 is divided by 140.
90
What is the remainder when 196 is divided by 10?
6
What is the remainder when 150 is divided by 22?
18
What is the remainder when 3478 is divided by 15?
13
Calculate the remainder when 815 is divided by 48.
47
Calculate the remainder when 316 is divided by 46.
40
Calculate the remainder when 1193 is divided by 133.
129
Calculate the remainder when 191 is divided by 14.
9
What is the remainder when 286 is divided by 91?
13
Calculate the remainder when 878 is divided by 148.
138
Calculate the remainder when 176 is divided by 57.
5
What is the remainder when 459 is divided by 226?
7
Calculate the remainder when 174 is divided by 93.
81
Calculate the remainder when 508 is divided by 499.
9
What is the remainder when 505 is divided by 155?
40
Calculate the remainder when 553 is divided by 79.
0
What is the remainder when 144 is divided by 14?
4
Calculate the remainder when 70 is divided by 15.
10
What is the remainder when 858 is divided by 212?
10
Calculate the remainder when 148 is divided by 59.
30
What is the remainder when 2597 is divided by 23?
21
Calculate the remainder when 704 is divided by 10.
4
Calcula